{"id":11017,"date":"2025-01-22T13:07:10","date_gmt":"2025-01-22T12:07:10","guid":{"rendered":"https:\/\/www.omtrading.sk\/?page_id=11017"},"modified":"2025-01-22T13:21:28","modified_gmt":"2025-01-22T12:21:28","slug":"certificate","status":"publish","type":"page","link":"https:\/\/www.omtrading.sk\/?page_id=11017","title":{"rendered":"SME DR\u017dITE\u013dMI CERTIFIK\u00c1CIE KVALITY ISO 9001."},"content":{"rendered":"<div class=\"flex_column av_one_full  flex_column_div av-zero-column-padding first  avia-builder-el-0  el_before_av_one_half  avia-builder-el-first  \" style='border-radius:0px; '><section class=\"av_textblock_section \"  itemscope=\"itemscope\" itemtype=\"https:\/\/schema.org\/CreativeWork\" ><div class='avia_textblock  '   itemprop=\"text\" ><h1 style=\"text-align: center;\">SME DR\u017dITE\u013dMI CERTIFIK\u00c1CIE KVALITY ISO 9001.<\/h1>\n<h3 style=\"text-align: center;\">WE ARE HOLDERS OF ISO 9001 QUALITY CERTIFICATION.<\/h3>\n<\/div><\/section><\/div>\n<div class=\"flex_column av_one_half  flex_column_div av-zero-column-padding first  avia-builder-el-2  el_after_av_one_full  el_before_av_one_half  column-top-margin\" style='border-radius:0px; '><div class='avia-image-container  av-styling-    avia-builder-el-3  avia-builder-el-no-sibling  avia-align-center '  itemprop=\"image\" itemscope=\"itemscope\" itemtype=\"https:\/\/schema.org\/ImageObject\"  ><div class='avia-image-container-inner'><div class='avia-image-overlay-wrap'><a href='https:\/\/www.omtrading.sk\/wp-content\/uploads\/2025\/01\/Cert.-2023-2026-SK-5202-734.jpg' class='avia_image'  ><img class='avia_image ' src='https:\/\/www.omtrading.sk\/wp-content\/uploads\/2025\/01\/Cert.-2023-2026-SK-5202-734.jpg' alt='' title='Cert.-2023-2026-SK-5202-734'  itemprop=\"thumbnailUrl\"  \/><\/a><\/div><\/div><\/div><\/div><div class=\"flex_column av_one_half  flex_column_div av-zero-column-padding   avia-builder-el-4  el_after_av_one_half  avia-builder-el-last  column-top-margin\" style='border-radius:0px; '><div class='avia-image-container  av-styling-    avia-builder-el-5  avia-builder-el-no-sibling  avia-align-center '  itemprop=\"image\" itemscope=\"itemscope\" itemtype=\"https:\/\/schema.org\/ImageObject\"  ><div class='avia-image-container-inner'><div class='avia-image-overlay-wrap'><a href='https:\/\/www.omtrading.sk\/wp-content\/uploads\/2025\/01\/Cert.-2023-2026-ENG-5202-734.jpg' class='avia_image'  ><img class='avia_image ' src='https:\/\/www.omtrading.sk\/wp-content\/uploads\/2025\/01\/Cert.-2023-2026-ENG-5202-734.jpg' alt='' title='Cert.-2023-2026-ENG-5202-734'  itemprop=\"thumbnailUrl\"  \/><\/a><\/div><\/div><\/div><\/div><\/p>\n","protected":false},"excerpt":{"rendered":"","protected":false},"author":1,"featured_media":11014,"parent":0,"menu_order":0,"comment_status":"closed","ping_status":"closed","template":"","meta":{"footnotes":""},"class_list":["post-11017","page","type-page","status-publish","has-post-thumbnail","hentry"],"yoast_head":"<!-- This site is optimized with the Yoast SEO plugin v20.2.1 - https:\/\/yoast.com\/wordpress\/plugins\/seo\/ -->\n<title>SME DR\u017dITE\u013dMI CERTIFIK\u00c1CIE KVALITY ISO 9001. - OM Trading - Lo\u017eisk\u00e1 a komponenty pre priemysel.<\/title>\n<meta name=\"robots\" content=\"index, follow, max-snippet:-1, max-image-preview:large, max-video-preview:-1\" \/>\n<link rel=\"canonical\" href=\"https:\/\/www.omtrading.sk\/?page_id=11017\" \/>\n<meta property=\"og:locale\" content=\"sk_SK\" \/>\n<meta property=\"og:type\" content=\"article\" \/>\n<meta property=\"og:title\" content=\"SME DR\u017dITE\u013dMI CERTIFIK\u00c1CIE KVALITY ISO 9001. - OM Trading - Lo\u017eisk\u00e1 a komponenty pre priemysel.\" \/>\n<meta property=\"og:url\" content=\"https:\/\/www.omtrading.sk\/?page_id=11017\" \/>\n<meta property=\"og:site_name\" content=\"OM Trading - Lo\u017eisk\u00e1 a komponenty pre priemysel.\" \/>\n<meta property=\"article:modified_time\" content=\"2025-01-22T12:21:28+00:00\" \/>\n<meta property=\"og:image\" content=\"https:\/\/www.omtrading.sk\/wp-content\/uploads\/2025\/01\/Cert.-2023-2026-SK-5201-734x1030-copy.png\" \/>\n\t<meta property=\"og:image:width\" content=\"720\" \/>\n\t<meta property=\"og:image:height\" content=\"491\" \/>\n\t<meta property=\"og:image:type\" content=\"image\/png\" \/>\n<meta name=\"twitter:card\" content=\"summary_large_image\" \/>\n<meta name=\"twitter:label1\" content=\"Predpokladan\u00fd \u010das \u010d\u00edtania\" \/>\n\t<meta name=\"twitter:data1\" content=\"1 min\u00fata\" \/>\n<script type=\"application\/ld+json\" class=\"yoast-schema-graph\">{\"@context\":\"https:\/\/schema.org\",\"@graph\":[{\"@type\":\"WebPage\",\"@id\":\"https:\/\/www.omtrading.sk\/?page_id=11017\",\"url\":\"https:\/\/www.omtrading.sk\/?page_id=11017\",\"name\":\"SME DR\u017dITE\u013dMI CERTIFIK\u00c1CIE KVALITY ISO 9001. - OM Trading - Lo\u017eisk\u00e1 a komponenty pre priemysel.\",\"isPartOf\":{\"@id\":\"https:\/\/www.omtrading.sk\/#website\"},\"datePublished\":\"2025-01-22T12:07:10+00:00\",\"dateModified\":\"2025-01-22T12:21:28+00:00\",\"inLanguage\":\"sk-SK\",\"potentialAction\":[{\"@type\":\"ReadAction\",\"target\":[\"https:\/\/www.omtrading.sk\/?page_id=11017\"]}]},{\"@type\":\"WebSite\",\"@id\":\"https:\/\/www.omtrading.sk\/#website\",\"url\":\"https:\/\/www.omtrading.sk\/\",\"name\":\"OM Trading - Lo\u017eisk\u00e1 a komponenty pre priemysel.\",\"description\":\"\",\"potentialAction\":[{\"@type\":\"SearchAction\",\"target\":{\"@type\":\"EntryPoint\",\"urlTemplate\":\"https:\/\/www.omtrading.sk\/?s={search_term_string}\"},\"query-input\":\"required name=search_term_string\"}],\"inLanguage\":\"sk-SK\"}]}<\/script>\n<!-- \/ Yoast SEO plugin. -->","yoast_head_json":{"title":"SME DR\u017dITE\u013dMI CERTIFIK\u00c1CIE KVALITY ISO 9001. - OM Trading - Lo\u017eisk\u00e1 a komponenty pre priemysel.","robots":{"index":"index","follow":"follow","max-snippet":"max-snippet:-1","max-image-preview":"max-image-preview:large","max-video-preview":"max-video-preview:-1"},"canonical":"https:\/\/www.omtrading.sk\/?page_id=11017","og_locale":"sk_SK","og_type":"article","og_title":"SME DR\u017dITE\u013dMI CERTIFIK\u00c1CIE KVALITY ISO 9001. - OM Trading - Lo\u017eisk\u00e1 a komponenty pre priemysel.","og_url":"https:\/\/www.omtrading.sk\/?page_id=11017","og_site_name":"OM Trading - Lo\u017eisk\u00e1 a komponenty pre priemysel.","article_modified_time":"2025-01-22T12:21:28+00:00","og_image":[{"width":720,"height":491,"url":"https:\/\/www.omtrading.sk\/wp-content\/uploads\/2025\/01\/Cert.-2023-2026-SK-5201-734x1030-copy.png","type":"image\/png"}],"twitter_card":"summary_large_image","twitter_misc":{"Predpokladan\u00fd \u010das \u010d\u00edtania":"1 min\u00fata"},"schema":{"@context":"https:\/\/schema.org","@graph":[{"@type":"WebPage","@id":"https:\/\/www.omtrading.sk\/?page_id=11017","url":"https:\/\/www.omtrading.sk\/?page_id=11017","name":"SME DR\u017dITE\u013dMI CERTIFIK\u00c1CIE KVALITY ISO 9001. - OM Trading - Lo\u017eisk\u00e1 a komponenty pre priemysel.","isPartOf":{"@id":"https:\/\/www.omtrading.sk\/#website"},"datePublished":"2025-01-22T12:07:10+00:00","dateModified":"2025-01-22T12:21:28+00:00","inLanguage":"sk-SK","potentialAction":[{"@type":"ReadAction","target":["https:\/\/www.omtrading.sk\/?page_id=11017"]}]},{"@type":"WebSite","@id":"https:\/\/www.omtrading.sk\/#website","url":"https:\/\/www.omtrading.sk\/","name":"OM Trading - Lo\u017eisk\u00e1 a komponenty pre priemysel.","description":"","potentialAction":[{"@type":"SearchAction","target":{"@type":"EntryPoint","urlTemplate":"https:\/\/www.omtrading.sk\/?s={search_term_string}"},"query-input":"required name=search_term_string"}],"inLanguage":"sk-SK"}]}},"_links":{"self":[{"href":"https:\/\/www.omtrading.sk\/index.php?rest_route=\/wp\/v2\/pages\/11017","targetHints":{"allow":["GET"]}}],"collection":[{"href":"https:\/\/www.omtrading.sk\/index.php?rest_route=\/wp\/v2\/pages"}],"about":[{"href":"https:\/\/www.omtrading.sk\/index.php?rest_route=\/wp\/v2\/types\/page"}],"author":[{"embeddable":true,"href":"https:\/\/www.omtrading.sk\/index.php?rest_route=\/wp\/v2\/users\/1"}],"replies":[{"embeddable":true,"href":"https:\/\/www.omtrading.sk\/index.php?rest_route=%2Fwp%2Fv2%2Fcomments&post=11017"}],"version-history":[{"count":5,"href":"https:\/\/www.omtrading.sk\/index.php?rest_route=\/wp\/v2\/pages\/11017\/revisions"}],"predecessor-version":[{"id":11096,"href":"https:\/\/www.omtrading.sk\/index.php?rest_route=\/wp\/v2\/pages\/11017\/revisions\/11096"}],"wp:featuredmedia":[{"embeddable":true,"href":"https:\/\/www.omtrading.sk\/index.php?rest_route=\/wp\/v2\/media\/11014"}],"wp:attachment":[{"href":"https:\/\/www.omtrading.sk\/index.php?rest_route=%2Fwp%2Fv2%2Fmedia&parent=11017"}],"curies":[{"name":"wp","href":"https:\/\/api.w.org\/{rel}","templated":true}]}}